{"id":661,"date":"2021-03-15T15:09:09","date_gmt":"2021-03-15T14:09:09","guid":{"rendered":"https:\/\/fabrijazz.it\/collaborazioni\/alessandro-paternesi\/"},"modified":"2021-03-15T15:09:09","modified_gmt":"2021-03-15T14:09:09","slug":"alessandro-paternesi","status":"publish","type":"portfolio","link":"https:\/\/fabrijazz.it\/en\/collaborazioni\/alessandro-paternesi\/","title":{"rendered":"Alessandro Paternesi"},"content":{"rendered":"<p>Sono nato a Fabriano il 9 maggio 1983.<br \/>\nGrazie a pap\u00e0 batterista a due anni gi\u00e0 comincio a suonare e a tenere il ritmo sui catini di plastica.<br \/>\nA 19 anni mi trasferisco a Perugia per studiare al Conservatorio \u201cMorlacchi\u201d dove mi diplomo in Strumenti a Percussione nel 2007. La musica libera \u00e8 per\u00f2 gi\u00e0 nelle mie corde e insieme agli studi classici inizio i primi studi di musica jazz con il maestro Massimo Manzi e sperimento le mie prime jam e i primi concerti nei locali perugini.<br \/>\nIl mio percorso jazzistico continua poi con i maestri Marc Miralta, Roberto Gatto, Jimmy Cobb, Jaff \u201cTain\u201d Wats, Ramberto Ciammarughi, Lele Veronesi, Ettore Fioravanti e Ron Savage.<br \/>\nNel 2010 un nuovo trasferimento, questa volta a Roma, per la laurea in Jazz al Conservatorio di Santa Cecilia.<br \/>\nDal 2012 insegno batteria jazz ai corsi pre accademici del Conservatorio di Santa Cecilia a Roma e agli studenti del triennio del Conservatorio Morlacchi di Perugia.<\/p>\n<p><strong>Collaborazioni<\/strong>\u00a0(in ordine alfabetico)<br \/>\nCristiano Arcelli, Gianni Basso, Cyro Baptista, Francesco Bearzatti, Luciano Biondini, Paolo Birro, Andrea Bocelli, Luca Bulgarelli, Stefano \u201cCocco\u201d Cantini, Vinicius Cantu\u00e0ria, Giovanni Ceccarelli, Franco Cerri, Pietro Ciancaglini, Paolo Damiani, Maria Pia de Vito, Dario Deidda, Riccardo Del Fr\u00e0, Stefano Di Battista, Andrea Dulbecco, Giovanni Falzone, Bebo Ferra, Arnoldo Fo\u00e0, Paolo Fresu, Alessandro Giachero, Vana Girierig, Javier Girotto, Alessandro Lanzoni, Petra Magoni, Rita Marcotulli, Daniele Mencarelli, Mirco Mariottini, Julian Oliver Mazzariello, Paul Mccandless, Gabriele Mirabassi, Ada Montellanico, Sandy Muller, Nick Myers, Mauro Negri, Roberto Occhipinti, Alfredo Paixao, Lello Pareti, Enzo Pietropaoli, Enrico Rava, Danilo Rea, Davide Riondino, Michael Rosen, Fulvio Sigurt\u00e0, Amii Stewart, Giovanni Tommaso, Cristina Zavalloni, Fabio Zeppetella e molti altri.<\/p>\n<p><strong>P.O.V. Alessandro Paternesi Quintet<\/strong><br \/>\nP.O.V. (Point of View) \u00e8 il mio progetto da compositore e leader. Il primo disco<a title=\"DEDICATO\" href=\"http:\/\/drummercomposer.wordpress.com\/dedicato\/\">\u00a0\u201cDedicato\u201d\u00a0<\/a>\u00e8 uscito il 3 luglio 2012 a cura di Radar Egea. Nel quintetto mi accompagnano i grandissimi musicisti e amici: Enrico Zanisi, Simone La Maida, Francesco Diodati e Gabriele Evangelista.<\/p>\n<p><strong>Altri progetti in corso<\/strong><br \/>\nEnzo Pietropaoli Quartet, Enrico Zanisi Trio,\u00a0Cristina Zavalloni &amp; Radar Band, \u00a0Paolo Damiani &amp; Radar Band, Rita Marcotulli Quartet, SPL Trio di Fulvio Sigurt\u00e0, Luca Pirozzi Quartet, DPM Trio con Dario Deidda e Julian Oliver Mazzariello, Mirco Mariottini Trio<\/p>\n<p><strong>Festivals<\/strong><br \/>\nUmbria Jazz (Perugia e Orvieto), Veneto Jazz (Venice), Crossroads, Lago Maggiore jazz festival, Valdarno jazz, Young jazz in town (Foligno PG), Gubbio no Borders, Villa Celimontana jazz Festival (Rome), Ischia Jazz Festival, Jazz Up festival (Viterbo), Ancona jazz festival, Reggio-Parma festival, Alba jazz (Marina di Schiavonea RC), European jazz expo (Cagliari), Roccella jazz festival (Roccella Ionica), Jazz in IT (Vignola), Fano jazz, Ancona Jazz, Sperlonga jazz, Blues y Jazz a Rosas (Rosas SP), Valdarno jazz, Marni jazz club (Pescara), Grey cat jazz festival (Castiglione della pescaia) e molti altri<\/p>\n<p>La mia batteria \u00e8 una\u00a0<a href=\"http:\/\/www.cvldrums.com\/index.php?option=content&amp;task=view&amp;id=312\">CVL Drums<\/a>\u00a0costruita in weng\u00e8 per un\u2019ottimale ricerca del suono.<\/p>\n","protected":false},"excerpt":{"rendered":"<p>Sono nato a Fabriano il 9 maggio 1983. Grazie a pap\u00e0 batterista a due anni<span class=\"excerpt-hellip\"> [\u2026]<\/span><\/p>\n","protected":false},"author":1,"featured_media":0,"menu_order":0,"comment_status":"open","ping_status":"closed","template":"","meta":[],"portfolio-types":[],"class_list":["post-661","portfolio","type-portfolio","status-publish","hentry"],"yoast_head":"<!-- This site is optimized with the Yoast SEO plugin v27.5 - https:\/\/yoast.com\/product\/yoast-seo-wordpress\/ -->\n<title>Alessandro Paternesi - Fabrijazz<\/title>\n<meta name=\"robots\" content=\"index, follow, max-snippet:-1, max-image-preview:large, max-video-preview:-1\" \/>\n<link rel=\"canonical\" href=\"https:\/\/fabrijazz.it\/en\/collaborazioni\/alessandro-paternesi\/\" \/>\n<meta property=\"og:locale\" content=\"en_US\" \/>\n<meta property=\"og:type\" content=\"article\" \/>\n<meta property=\"og:title\" content=\"Alessandro Paternesi - Fabrijazz\" \/>\n<meta property=\"og:description\" content=\"Sono nato a Fabriano il 9 maggio 1983. Grazie a pap\u00e0 batterista a due anni [\u2026]\" \/>\n<meta property=\"og:url\" content=\"https:\/\/fabrijazz.it\/en\/collaborazioni\/alessandro-paternesi\/\" \/>\n<meta property=\"og:site_name\" content=\"Fabrijazz\" \/>\n<meta name=\"twitter:card\" content=\"summary_large_image\" \/>\n<meta name=\"twitter:label1\" content=\"Est. reading time\" \/>\n\t<meta name=\"twitter:data1\" content=\"3 minutes\" \/>\n<script type=\"application\/ld+json\" class=\"yoast-schema-graph\">{\"@context\":\"https:\\\/\\\/schema.org\",\"@graph\":[{\"@type\":\"WebPage\",\"@id\":\"https:\\\/\\\/fabrijazz.it\\\/en\\\/collaborazioni\\\/alessandro-paternesi\\\/\",\"url\":\"https:\\\/\\\/fabrijazz.it\\\/en\\\/collaborazioni\\\/alessandro-paternesi\\\/\",\"name\":\"Alessandro Paternesi - Fabrijazz\",\"isPartOf\":{\"@id\":\"https:\\\/\\\/fabrijazz.it\\\/#website\"},\"datePublished\":\"2021-03-15T14:09:09+00:00\",\"breadcrumb\":{\"@id\":\"https:\\\/\\\/fabrijazz.it\\\/en\\\/collaborazioni\\\/alessandro-paternesi\\\/#breadcrumb\"},\"inLanguage\":\"en-US\",\"potentialAction\":[{\"@type\":\"ReadAction\",\"target\":[\"https:\\\/\\\/fabrijazz.it\\\/en\\\/collaborazioni\\\/alessandro-paternesi\\\/\"]}]},{\"@type\":\"BreadcrumbList\",\"@id\":\"https:\\\/\\\/fabrijazz.it\\\/en\\\/collaborazioni\\\/alessandro-paternesi\\\/#breadcrumb\",\"itemListElement\":[{\"@type\":\"ListItem\",\"position\":1,\"name\":\"Home\",\"item\":\"https:\\\/\\\/fabrijazz.it\\\/en\\\/home\\\/\"},{\"@type\":\"ListItem\",\"position\":2,\"name\":\"Alessandro Paternesi\"}]},{\"@type\":\"WebSite\",\"@id\":\"https:\\\/\\\/fabrijazz.it\\\/#website\",\"url\":\"https:\\\/\\\/fabrijazz.it\\\/\",\"name\":\"Fabrijazz\",\"description\":\"Fabriano Pro Musica\",\"potentialAction\":[{\"@type\":\"SearchAction\",\"target\":{\"@type\":\"EntryPoint\",\"urlTemplate\":\"https:\\\/\\\/fabrijazz.it\\\/?s={search_term_string}\"},\"query-input\":{\"@type\":\"PropertyValueSpecification\",\"valueRequired\":true,\"valueName\":\"search_term_string\"}}],\"inLanguage\":\"en-US\"}]}<\/script>\n<!-- \/ Yoast SEO plugin. -->","yoast_head_json":{"title":"Alessandro Paternesi - Fabrijazz","robots":{"index":"index","follow":"follow","max-snippet":"max-snippet:-1","max-image-preview":"max-image-preview:large","max-video-preview":"max-video-preview:-1"},"canonical":"https:\/\/fabrijazz.it\/en\/collaborazioni\/alessandro-paternesi\/","og_locale":"en_US","og_type":"article","og_title":"Alessandro Paternesi - Fabrijazz","og_description":"Sono nato a Fabriano il 9 maggio 1983. Grazie a pap\u00e0 batterista a due anni [\u2026]","og_url":"https:\/\/fabrijazz.it\/en\/collaborazioni\/alessandro-paternesi\/","og_site_name":"Fabrijazz","twitter_card":"summary_large_image","twitter_misc":{"Est. reading time":"3 minutes"},"schema":{"@context":"https:\/\/schema.org","@graph":[{"@type":"WebPage","@id":"https:\/\/fabrijazz.it\/en\/collaborazioni\/alessandro-paternesi\/","url":"https:\/\/fabrijazz.it\/en\/collaborazioni\/alessandro-paternesi\/","name":"Alessandro Paternesi - Fabrijazz","isPartOf":{"@id":"https:\/\/fabrijazz.it\/#website"},"datePublished":"2021-03-15T14:09:09+00:00","breadcrumb":{"@id":"https:\/\/fabrijazz.it\/en\/collaborazioni\/alessandro-paternesi\/#breadcrumb"},"inLanguage":"en-US","potentialAction":[{"@type":"ReadAction","target":["https:\/\/fabrijazz.it\/en\/collaborazioni\/alessandro-paternesi\/"]}]},{"@type":"BreadcrumbList","@id":"https:\/\/fabrijazz.it\/en\/collaborazioni\/alessandro-paternesi\/#breadcrumb","itemListElement":[{"@type":"ListItem","position":1,"name":"Home","item":"https:\/\/fabrijazz.it\/en\/home\/"},{"@type":"ListItem","position":2,"name":"Alessandro Paternesi"}]},{"@type":"WebSite","@id":"https:\/\/fabrijazz.it\/#website","url":"https:\/\/fabrijazz.it\/","name":"Fabrijazz","description":"Fabriano Pro Musica","potentialAction":[{"@type":"SearchAction","target":{"@type":"EntryPoint","urlTemplate":"https:\/\/fabrijazz.it\/?s={search_term_string}"},"query-input":{"@type":"PropertyValueSpecification","valueRequired":true,"valueName":"search_term_string"}}],"inLanguage":"en-US"}]}},"_links":{"self":[{"href":"https:\/\/fabrijazz.it\/en\/wp-json\/wp\/v2\/portfolio\/661","targetHints":{"allow":["GET"]}}],"collection":[{"href":"https:\/\/fabrijazz.it\/en\/wp-json\/wp\/v2\/portfolio"}],"about":[{"href":"https:\/\/fabrijazz.it\/en\/wp-json\/wp\/v2\/types\/portfolio"}],"author":[{"embeddable":true,"href":"https:\/\/fabrijazz.it\/en\/wp-json\/wp\/v2\/users\/1"}],"replies":[{"embeddable":true,"href":"https:\/\/fabrijazz.it\/en\/wp-json\/wp\/v2\/comments?post=661"}],"wp:attachment":[{"href":"https:\/\/fabrijazz.it\/en\/wp-json\/wp\/v2\/media?parent=661"}],"wp:term":[{"taxonomy":"portfolio-types","embeddable":true,"href":"https:\/\/fabrijazz.it\/en\/wp-json\/wp\/v2\/portfolio-types?post=661"}],"curies":[{"name":"wp","href":"https:\/\/api.w.org\/{rel}","templated":true}]}}

<p>Sono nato a Fabriano il 9 maggio 1983.<br />
Grazie a papà batterista a due anni già comincio a suonare e a tenere il ritmo sui catini di plastica.<br />
A 19 anni mi trasferisco a Perugia per studiare al Conservatorio “Morlacchi” dove mi diplomo in Strumenti a Percussione nel 2007. La musica libera è però già nelle mie corde e insieme agli studi classici inizio i primi studi di musica jazz con il maestro Massimo Manzi e sperimento le mie prime jam e i primi concerti nei locali perugini.<br />
Il mio percorso jazzistico continua poi con i maestri Marc Miralta, Roberto Gatto, Jimmy Cobb, Jaff “Tain” Wats, Ramberto Ciammarughi, Lele Veronesi, Ettore Fioravanti e Ron Savage.<br />
Nel 2010 un nuovo trasferimento, questa volta a Roma, per la laurea in Jazz al Conservatorio di Santa Cecilia.<br />
Dal 2012 insegno batteria jazz ai corsi pre accademici del Conservatorio di Santa Cecilia a Roma e agli studenti del triennio del Conservatorio Morlacchi di Perugia.</p>
<p><strong>Collaborazioni</strong> (in ordine alfabetico)<br />
Cristiano Arcelli, Gianni Basso, Cyro Baptista, Francesco Bearzatti, Luciano Biondini, Paolo Birro, Andrea Bocelli, Luca Bulgarelli, Stefano “Cocco” Cantini, Vinicius Cantuària, Giovanni Ceccarelli, Franco Cerri, Pietro Ciancaglini, Paolo Damiani, Maria Pia de Vito, Dario Deidda, Riccardo Del Frà, Stefano Di Battista, Andrea Dulbecco, Giovanni Falzone, Bebo Ferra, Arnoldo Foà, Paolo Fresu, Alessandro Giachero, Vana Girierig, Javier Girotto, Alessandro Lanzoni, Petra Magoni, Rita Marcotulli, Daniele Mencarelli, Mirco Mariottini, Julian Oliver Mazzariello, Paul Mccandless, Gabriele Mirabassi, Ada Montellanico, Sandy Muller, Nick Myers, Mauro Negri, Roberto Occhipinti, Alfredo Paixao, Lello Pareti, Enzo Pietropaoli, Enrico Rava, Danilo Rea, Davide Riondino, Michael Rosen, Fulvio Sigurtà, Amii Stewart, Giovanni Tommaso, Cristina Zavalloni, Fabio Zeppetella e molti altri.</p>
<p><strong>P.O.V. Alessandro Paternesi Quintet</strong><br />
P.O.V. (Point of View) è il mio progetto da compositore e leader. Il primo disco<a title="DEDICATO" href="http://drummercomposer.wordpress.com/dedicato/"> “Dedicato” </a>è uscito il 3 luglio 2012 a cura di Radar Egea. Nel quintetto mi accompagnano i grandissimi musicisti e amici: Enrico Zanisi, Simone La Maida, Francesco Diodati e Gabriele Evangelista.</p>
<p><strong>Altri progetti in corso</strong><br />
Enzo Pietropaoli Quartet, Enrico Zanisi Trio, Cristina Zavalloni &amp; Radar Band,  Paolo Damiani &amp; Radar Band, Rita Marcotulli Quartet, SPL Trio di Fulvio Sigurtà, Luca Pirozzi Quartet, DPM Trio con Dario Deidda e Julian Oliver Mazzariello, Mirco Mariottini Trio</p>
<p><strong>Festivals</strong><br />
Umbria Jazz (Perugia e Orvieto), Veneto Jazz (Venice), Crossroads, Lago Maggiore jazz festival, Valdarno jazz, Young jazz in town (Foligno PG), Gubbio no Borders, Villa Celimontana jazz Festival (Rome), Ischia Jazz Festival, Jazz Up festival (Viterbo), Ancona jazz festival, Reggio-Parma festival, Alba jazz (Marina di Schiavonea RC), European jazz expo (Cagliari), Roccella jazz festival (Roccella Ionica), Jazz in IT (Vignola), Fano jazz, Ancona Jazz, Sperlonga jazz, Blues y Jazz a Rosas (Rosas SP), Valdarno jazz, Marni jazz club (Pescara), Grey cat jazz festival (Castiglione della pescaia) e molti altri</p>
<p>La mia batteria è una <a href="http://www.cvldrums.com/index.php?option=content&amp;task=view&amp;id=312">CVL Drums</a> costruita in wengè per un’ottimale ricerca del suono.</p>

<p>Sono nato a Fabriano il 9 maggio 1983. Grazie a papà batterista a due anni<span class="excerpt-hellip"> […]</span></p>

<!-- This site is optimized with the Yoast SEO plugin v27.5 - https://yoast.com/product/yoast-seo-wordpress/ -->
<title>Alessandro Paternesi - Fabrijazz</title>
<meta name="robots" content="index, follow, max-snippet:-1, max-image-preview:large, max-video-preview:-1" />
<link rel="canonical" href="https://fabrijazz.it/en/collaborazioni/alessandro-paternesi/" />
<meta property="og:locale" content="en_US" />
<meta property="og:type" content="article" />
<meta property="og:title" content="Alessandro Paternesi - Fabrijazz" />
<meta property="og:description" content="Sono nato a Fabriano il 9 maggio 1983. Grazie a papà batterista a due anni […]" />
<meta property="og:url" content="https://fabrijazz.it/en/collaborazioni/alessandro-paternesi/" />
<meta property="og:site_name" content="Fabrijazz" />
<meta name="twitter:card" content="summary_large_image" />
<meta name="twitter:label1" content="Est. reading time" />
	<meta name="twitter:data1" content="3 minutes" />
<script type="application/ld+json" class="yoast-schema-graph">{"@context":"https:\/\/schema.org","@graph":[{"@type":"WebPage","@id":"https:\/\/fabrijazz.it\/en\/collaborazioni\/alessandro-paternesi\/","url":"https:\/\/fabrijazz.it\/en\/collaborazioni\/alessandro-paternesi\/","name":"Alessandro Paternesi - Fabrijazz","isPartOf":{"@id":"https:\/\/fabrijazz.it\/#website"},"datePublished":"2021-03-15T14:09:09+00:00","breadcrumb":{"@id":"https:\/\/fabrijazz.it\/en\/collaborazioni\/alessandro-paternesi\/#breadcrumb"},"inLanguage":"en-US","potentialAction":[{"@type":"ReadAction","target":["https:\/\/fabrijazz.it\/en\/collaborazioni\/alessandro-paternesi\/"]}]},{"@type":"BreadcrumbList","@id":"https:\/\/fabrijazz.it\/en\/collaborazioni\/alessandro-paternesi\/#breadcrumb","itemListElement":[{"@type":"ListItem","position":1,"name":"Home","item":"https:\/\/fabrijazz.it\/en\/home\/"},{"@type":"ListItem","position":2,"name":"Alessandro Paternesi"}]},{"@type":"WebSite","@id":"https:\/\/fabrijazz.it\/#website","url":"https:\/\/fabrijazz.it\/","name":"Fabrijazz","description":"Fabriano Pro Musica","potentialAction":[{"@type":"SearchAction","target":{"@type":"EntryPoint","urlTemplate":"https:\/\/fabrijazz.it\/?s={search_term_string}"},"query-input":{"@type":"PropertyValueSpecification","valueRequired":true,"valueName":"search_term_string"}}],"inLanguage":"en-US"}]}</script>
<!-- / Yoast SEO plugin. -->

Sono nato a Fabriano il 9 maggio 1983. Grazie a papà batterista a due anni […]
